ed by 6?
4
Let f(d) = -d**2 + 7*d - 5. Let q be f(5). Suppose -q*j = -6*j + 86. Let l = -10 + j. Calculate the remainder when l is divided by 26.
24
Let f = -219 + 371. Suppose 2*b - 46 = -m, -4*m + f = -m - b. What is the remainder when m is divided by 17?
16
Calculate the remainder when 34 is divided by (-540)/(-28) + 6 + (-4)/14.
9
Let y = -28 - -33. Suppose o - y = 38. Calculate the remainder when o is divided by 15.
13
Let b = -64 - -209. Calculate the remainder when b is divided by 25.
20
Suppose -117*u + 154 = -110*u. Calculate the remainder when 57 is divided by u.
13
Suppose 17 = -6*f + 29. Let i = 19 - 17. Suppose i*d = -3*m - 7 + 42, 4*m + d = 40. What is the remainder when m is divided by f?
1
Let b = -56 + 71. Suppose -50 = 10*k - b*k. What is the remainder when k is divided by 3?
1
Suppose -69 = -52*o + 49*o. Calculate the remainder when 87 is divided by o + (-4 - (-6 + 3)).
21
Suppose -3047 = -9*h + 1786. What is the remainder when h is divided by 49?
47
Let v(y) = y**2 + 9*y + 22. What is the remainder when 50 is divided by v(-8)?
8
Let a be (-4 - -3) + -1 - 1. Let g(h) = -3*h - 3. Let u(o) = -9*o - 9. Let w(x) = a*u(x) + 8*g(x). Calculate the remainder when w(2) is divided by 5.
4
What is the remainder when 80 is divided by ((-8)/12)/(6/(-369))?
39
Let b = -1 + 0. Let h(g) = g**3 - 16*g**2 + 15*g + 2. Let c be h(15). Let w = c + b. What is the remainder when 3 is divided by w?
0
Let l be 4*35/20 + -3. Suppose -l*t + a - 168 = -477, 3*t = 3*a + 225. What is the remainder when t is divided by 17?
10
Let f(m) = m + 22. Let k = -17 - -21. Let a = 8 + k. What is the remainder when f(0) is divided by a?
10
Let s = 16 - 12. Suppose -s*v + 0*v + 3*g = -76, -4*v + 2*g = -76. Calculate the remainder when v is divided by (-69)/(-6) + (-2)/4.
8
Let o(t) = 44*t + 750. What is the remainder when o(-5) is divided by 38?
36
Suppose -2*s - 36*l + 31*l + 79 = 0, -l + 186 = 5*s. Calculate the remainder when 81 is divided by s.
7
Let f = 122 + -52. Suppose -v + 28 = 5*z - f, v = -2*z + 41. What is the remainder when z is divided by 10/(-6)*(-5 - -2)?
4
Suppose 3*a = 2*a + 4*n - 25, 4*n - 16 = 0. Let d(b) = -3*b**2 - 9*b + 5*b**2 + b**3 + 0*b**2 + 6 + 6*b**2. What is the remainder when d(a) is divided by 3?
0
Suppose 2*r - 18 = -8. Suppose -2*j - 226 = -2*g, -46 = -2*g + r*j + 192. What is the remainder when g is divided by 22?
21
Let t(m) = -2*m**2 - 15*m + 34. Calculate the remainder when 92 is divided by t(-9).
1
Let l(j) = j**3 + 5*j**2 - 6*j - 3. What is the remainder when 197 is divided by l(-3)?
32
Let o(b) = 10*b - 27. What is the remainder when 42 is divided by o(5)?
19
Suppose 0 = d + 3*n - 43, 3*n - 40 = -2*d + 34. Suppose 466 = 5*p + 2*l, 83*p - 78*p - 3*l = 451. Calculate the remainder when p is divided by d.
30
Let i be (76/(-16) + 4)*96. Let p be (i/15)/((-1)/5). What is the remainder when 57 is divided by (p/(-30))/(2/(-50))?
17
Suppose 296 = 15*t - 34. What is the remainder when 49 is divided by t/(-3)*(-24)/16?
5
Suppose 4*z = 4*q + 236, -2*z + 28 = -4*q - 94. What is the remainder when 1422 is divided by z?
54
Let y = 14 + 15. Let w = -39 + 46. Suppose w*q = 3*q + 32. Calculate the remainder when y is divided by q.
5
Suppose 6*u = 14*u - 376. What is the remainder when 230 is divided by u?
42
Let d = 15 + -13. Suppose 5*k - 5*i - 150 = 0, -d*k - 5*i + i = -42. What is the remainder when k is divided by 10?
7
Let h be ((-33)/(-22))/(3/2). Calculate the remainder when 19 is divided by (0 - (0 + h)) + 6.
4
Let q = 2951 + -2330. What is the remainder when q is divided by 158?
147
Let k(p) = -9*p**2 - p + 2. Let z be k(1). Calculate the remainder when (-246)/z*2*4/6 is divided by 7.
6
Let z(t) = -28*t - 55. Calculate the remainder when z(-7) is divided by 38.
27
Let m = -521 + 604. Calculate the remainder when m is divided by 31.
21
Suppose 0 = 5*n + 59 - 144. What is the remainder when n is divided by ((-30)/(-18) - 2)*-18?
5
Let n = -60 - -108. Suppose 0 = 31*t + 422 - 2499. Let u = t - n. Calculate the remainder when 56 is divided by u.
18
Suppose -1504 = -0*x - 4*x. Suppose -k + x = -0*k. Suppose k = 2*q + 2*q. Calculate the remainder when q is divided by 24.
22
Let u = 6 + -2. Suppose 3*c + u = 25. Suppose 6*i - 82 = 74. What is the remainder when i is divided by c?
5
Suppose -3*d - 51 = -3. Let j = 4 + d. What is the remainder when 3 is divided by 4/j + 30/9?
0
Calculate the remainder when (72/30)/(3/880) is divided by 101.
98
Calculate the remainder when 333 is divided by 220/(-440)*(-190)/1.
48
Let n = -30 + 42. Let s(f) = f**3 - 13*f**2 + 9*f + 12. Let g be s(n). Calculate the remainder when (-69)/2*16/g is divided by 8.
7
Let v = 91 + -55. Suppose 3*c + 24 = v. Let d(f) = -f**2 - 10*f - 5. What is the remainder when d(-8) is divided by c?
3
Suppose 2*j - 14 = 3*h - 5, 3*j - 3*h - 12 = 0. Suppose c - 4*c + 86 = -5*l, 6 = j*l. What is the remainder when c is divided by 17?
15
Let h(i) = i**2 + 16*i + 16. Let y be h(-17). Let q be 4/(-22) - (-1260)/y. Let f = q - 31. Calculate the remainder when 26 is divided by f.
5
Calculate the remainder when 3/((-6)/(-34)) - 8 is divided by 8.
1
Let w(s) = -9*s**2 + 27*s - 7. Let k(j) = -5*j**2 + 13*j - 3. Let i(m) = -7*k(m) + 4*w(m). What is the remainder when i(15) is divided by (13/(-1))/(1*-1)?
10
Let f be (2*4)/(7 - 9). What is the remainder when 120 + 5 + f + -3 is divided by 40?
38
Suppose 7 = -2*p + 3*p - 4*d, 3*d + 9 = 2*p. Suppose 2*w + 5*i - 25 = w, p*i = w + 7. Suppose 109 - 90 = c. Calculate the remainder when c is divided by w.
4
Suppose 181*a - 180*a = 312. What is the remainder when a is divided by 35?
32
Suppose -7 = k - 49. Let a = 149 + -147. Suppose -w - 7*l + 22 = -4*l, 5*l - 44 = -a*w. Calculate the remainder when k is divided by w.
20
Suppose 5*c + 9*g - 4*g + 40 = 0, -2*c - 10 = -g. Calculate the remainder when (18 + c)*8/3 is divided by 12.
8
Suppose -5*s - 3*u = 15, -5*s + 0*u - 25 = 5*u. Suppose 3*g - 5*o = g + 66, -5*g - 2*o + 107 = s. Calculate the remainder when 112 is divided by g.
20
Let b = 22 - 22. Suppose -5*f + 37 - 196 = -2*c, 5*c + 5*f - 415 = b. What is the remainder when c is divided by 17?
14
Suppose 2*k - 11 + 3 = 0. Suppose -4*z + k*r = -3*z - 35, 3*r + 69 = 3*z. Calculate the remainder when z is divided by 10.
9
Let i(u) = 5*u**2 - 2*u - 2. Suppose 2*k + 1 = 9. Let j be i(k). Suppose j = g + g. Calculate the remainder when g is divided by 12.
11
Suppose 9*a = 2*a. Suppose a = 6*b - b - 50. What is the remainder when 49 is divided by b?
9
Let n be ((-18)/(-1))/(0 + 2). Let o = -3 + n. Calculate the remainder when -2*(-87)/24*4 is divided by o.
5
Let a(x) = 2*x**2 - 2 + 17 - 11 + 6*x - x**2. What is the remainder when 5 is divided by a(-6)?
1
Let l(h) = -15*h**3 - 7*h**2 + 3*h - 4. Calculate the remainder when l(-3) is divided by 28.
21
Suppose 6 = -3*w - 21. Let y(p) = -p**3 - 8*p**2 + 4*p - 8. Let k be y(w). Suppose 1 = -2*d + k. What is the remainder when 33 is divided by d?
15
Calculate the remainder when 7 + (61272/54 - 4/(-3)) is divided by 44.
43
Suppose -3*f + 2*s = 3*s + 58, -f + 4*s = 2. Calculate the remainder when 0 - (-2049)/18 - 3/f is divided by 23.
22
What is the remainder when 92 is divided by -4*((-66)/12 + 0)?
4
Suppose 4*g - 24 = -0*g. Suppose 3*i = g*i + 2*v - 45, -i = -2*v - 15. What is the remainder when 43 is divided by i?
13
Suppose -192 = 4*z - 4*d, 4*z + 192 = -d - d. Let w = 36 + -65. Let g = w - z. What is the remainder when 55 is divided by g?
17
What is the remainder when (-18 + -50)*(-33)/12 is divided by 7?
5
Suppose 1 = 5*p - 9. Suppose 2*l = 2*f + p*f + 4, 8 = 2*f. What is the remainder when 19 is divided by l?
9
Let z = 185 + -159. What is the remainder when 51 is divided by z?
25
Let z = -23 + 40. Let r = 47 + -43. Suppose -r*n + 115 + 25 = 4*d, -d = -3*n + 85. What is the remainder when n is divided by z?
13
Let p = -750 - -765. Let y = 6 + -10. What is the remainder when y/2 + 60 + -2 is divided by p?
11
Let g = -180 + -15. Let j = 286 + g. What is the remainder when j is divided by 19?
15
Suppose -4*w - w = 3*l - 78, 0 = -w - l + 14. Calculate the remainder when w is divided by 9.
0
Suppose l - 2*l + 92 = 0. Suppose -53 = -i + 2*o, 5*i = -126*o + 123*o + 226. Calculate the remainder when l is divided by 